 c = 15 - 5. Let s be 3 + (2 + -2)/(-2). Suppose -s*z - 5*m = -55, 4*m - 28 - c = -2*z. Calculate the remainder when z is divided by 8.
7
Suppose l = -0*l + 2. Suppose -5*r - 5*v = 0, -5 = -0*v + 5*v. What is the remainder when l is divided by r?
0
Suppose -15 = -c - 3. What is the remainder when 82 is divided by c?
10
Suppose b = -3*b + 32. Let i = 32 - b. Let h = 30 + -17. What is the remainder when i is divided by h?
11
Suppose 0 = -2*t + 82 + 6. Let f be -3*((-33)/3 + 0). Let y = f - 18. What is the remainder when t is divided by y?
14
Suppose -3*h = 2*m - 267, 4*m = -3*h + 256 + 5. Calculate the remainder when h is divided by 24.
19
Let b(m) = m**2 + m. Calculate the remainder when 8 is divided by b(1).
0
Suppose -19 = -2*o + 5. What is the remainder when o is divided by 5?
2
Suppose 1 = -n + 7. Let q = 32 - 15. Calculate the remainder when q is divided by n.
5
Let g(f) = f**3 - f**2 - 3. Let p be g(0). Let s(v) = -v + 7. What is the remainder when s(3) is divided by -1 + 1 + p/(-1)?
1
Let t = 13 - -2. Let j(u) be the first derivative of -2*u**2 - 5*u + 1. Calculate the remainder when j(-12) is divided by t.
13
Let b(f) be the second derivative of f**3/6 + 6*f**2 - 3*f. Calculate the remainder when b(-7) is divided by 2.
1
Let m(f) = 6*f - f + 0*f**2 + 6 - f**2. Calculate the remainder when 20 is divided by m(5).
2
What is the remainder when (-6)/(5/1*(-10)/325) is divided by 15?
9
Suppose -14*k = -13*k - 23. Calculate the remainder when k is divided by 12.
11
Let r(g) = 8*g. Let a = 19 + -8. Calculate the remainder when r(4) is divided by a.
10
Suppose -5*l + 5*v - 48 = -128, 69 = 4*l + v. Suppose r = 4, -5*d + 3*r + l = -36. Calculate the remainder when 50 is divided by d.
11
Let l(d) = -d**3 - d**2 - 2*d - 1. Let i be l(-2). Suppose -10*n = -i*n. Suppose n = -2*v + 12 + 106. Calculate the remainder when v is divided by 20.
19
Let q = 24 + -18. What is the remainder when 16 is divided by q?
4
Let d(y) = 5*y**2 + 0 + y**3 + y + 0 + 2. Calculate the remainder when (-8)/(-20) + (-133)/(-5) is divided by d(-4).
13
Let f = 3 + -3. Let o(s) = s + 8. What is the remainder when 1/(f - (-2)/82) is divided by o(6)?
13
Suppose 0 = -3*u + 4*p + 379, -4*p + 621 = u + 4*u. What is the remainder when u is divided by 21?
20
Suppose n - 12 = 14. What is the remainder when n is divided by 3864/273 - (2/13 + 0)?
12
Let y(g) = -3*g**2 + 3*g + 3*g**2 - 2*g**3 - 4 + 1 + g**2. Let b be y(2). Let c = 18 + b. What is the remainder when c is divided by 5?
4
Let s(r) = -r - 4. Let c be s(2). What is the remainder when (-438)/(-18) - 4/c is divided by 14?
11
Suppose 0 = 3*r + r - 4. Let c be 6/(-3) - r*-6. Suppose 2*y - c = 8. What is the remainder when 11 is divided by y?
5
Let u = 43 + -29. What is the remainder when u is divided by (-119)/(-28) + (-1)/4?
2
Let y(j) = j**3 + 15*j**2 - 3*j - 8. Calculate the remainder when y(-15) is divided by 8.
5
Suppose -2*x = 2*f - 3*f - 15, -4*x + 5*f + 27 = 0. What is the remainder when x is divided by 3?
2
Let l be (-2)/8 - 15/20. Suppose -5*o - 5*d = 5, 2*o - 2 = -0*o - 4*d. What is the remainder when 30 is divided by 14 - o*(l + 0)?
8
Let t = 17 + 0. Let y(a) = a**3 - 6*a**2 - 3*a - 10. Let b be y(7). Suppose 0 = 2*i - 4*i + b. What is the remainder when t is divided by i?
8
Suppose -42 = 3*o + 12. Suppose 3*t - t - 62 = 0. Let z = o + t. Calculate the remainder when 24 is divided by z.
11
Suppose 0*c = c + 5. Let f(v) = v**2 + 6*v + 6. What is the remainder when 1 is divided by f(c)?
0
Suppose 13 = -n + 2*n + 5*o, 39 = 3*n - 3*o. What is the remainder when 40 is divided by n?
1
Suppose 2*p - 3*w + 6 = 0, -16 + 6 = p - 5*w. Let l = p - -4. What is the remainder when 11 is divided by l?
3
Let s(c) be the third derivative of -c**4/24 + 5*c**3/3 + 3*c**2. Suppose -2*a + 4*i = 0, 8*a - 3*i - 21 = 3*a. What is the remainder when a is divided by s(6)?
2
Suppose 0 = -5*a + 343 - 38. Suppose -3*u = 2*w - a, u - 13 = -2*w + 5*w. What is the remainder when 36 is divided by u?
17
Suppose -5 = -5*r - y + 6*y, 0 = -3*r - 5*y + 19. Calculate the remainder when r is divided by 3.
0
Let w(n) = 2*n. Let p(d) = 4 - 5 + 3*d - 2*d + d. Calculate the remainder when w(4) is divided by p(3).
3
Suppose -3*d + 5*q + 31 + 42 = 0, -5*d = 3*q - 99. Suppose 3*f = d - 0. Suppose 2*b + 2*b - 80 = 0. What is the remainder when b is divided by f?
6
Let k(z) be the second derivative of 3*z - 1/2*z**2 + 0 - 7/6*z**3. Calculate the remainder when 49 is divided by k(-2).
10
Suppose 0 = 9*z - 7*z, 2*w - 30 = -z. Let y = 66 + -8. Calculate the remainder when y is divided by w.
13
Let l(v) = -6*v**3 + 2*v + 4. Calculate the remainder when l(-2) is divided by 25.
23
Suppose -3*m + 4*y + 107 = 3*y, 127 = 3*m + 4*y. Calculate the remainder when m is divided by 19.
18
Let q be 7*16 + (-4)/2. Suppose 4*u + u - q = 0. Calculate the remainder when u is divided by 12.
10
Suppose 23 = h - 0*h. Suppose -2*g + 23 = 5*b, -2*b - 4*g + g = -7. Calculate the remainder when h is divided by ((-6)/b)/((-15)/100).
7
Calculate the remainder when 10 is divided by 3 + -4 - 5/(-1).
2
Suppose -2*z - 2*s - 2*s - 104 = 0, 156 = -3*z - 5*s. Let c be -1 - (-3 + (1 - z)). Calculate the remainder when c/(-4) + (-7)/(-28) is divided by 5.
3
Let x(v) = 12*v - 14. Calculate the remainder when x(5) is divided by 12.
10
Let u = 4 + 2. Let l = -12 + u. Let n(q) = -7*q - 5. What is the remainder when n(l) is divided by 13?
11
What is the remainder when (146/(3 - 1))/1 is divided by 19?
16
Suppose -h + 41 = 5*v, h - 2*h = -2*v - 41. Let k = 11 - 8. Suppose -h = -a - k. What is the remainder when a is divided by 13?
12
Let q be ((-8)/(-6))/(2/15). Suppose 5 + q = j. Suppose 5*l = -5*a + 2*l + 133, -4*a + 124 = -2*l. Calculate the remainder when a is divided by j.
14
Let b = -76 - -97. What is the remainder when 38 is divided by b?
17
Suppose 0 = h - 9 - 17. Calculate the remainder when 77 is divided by h.
25
Let p(x) = 0*x**2 - x**3 + 0*x**2 - 6 + 7*x + 3*x**2. Let w be p(4). Calculate the remainder when 4 is divided by w*(1 - 2/4).
1
Let o = 36 + -24. What is the remainder when (-495)/(-20) - (-3)/o is divided by 7?
4
Let k be 9/(-3)*(2 - 3). Suppose -4*s + k*v = -206, -5*v = -4*s - 66 + 276. Calculate the remainder when s is divided by 17.
16
Let m = 30 - 10. Suppose -2*f - 74 = -5*j + f, 2*f = -j + m. Suppose 5*g = -25, 2*q - 3*g = q + 24. What is the remainder when j is divided by q?
7
Let l(y) = y**2 + 7 - 2*y**2 + y + 0*y**2 + 4. Let b = 13 - 13. What is the remainder when l(b) is divided by 4?
3
Let a = 8 + -8. Suppose a*j - 80 = 5*j. Calculate the remainder when 4 is divided by (-6)/4*j/12.
0
Suppose -3*n + 90 = -0*n. Let y = 17 - 1. Calculate the remainder when n is divided by y.
14
Suppose -66 = -z - 13. Calculate the remainder when z is divided by 27.
26
Suppose 0 = 3*j - 0*j - 30. Let f(r) = 2*r - 6. What is the remainder when 38 is divided by f(j)?
10
Let o(s) = 8*s**2 - 4. What is the remainder when 53 is divided by o(2)?
25
Suppose 0 = 3*u - 4*n - 172, 4*u - 3*n - 171 = u. What is the remainder when u is divided by 29?
27
Let h(u) = 3*u + 1. Let j(y) = 5*y - 1. Let z be j(1). Calculate the remainder when ((-161)/14)/(2/(-4)) is divided by h(z).
10
Calculate the remainder when 25 is divided by 28/(-14)*(-26)/4.
12
Let o be 6 - (-5)/(5/(-2)). What is the remainder when (-6)/o - 137/(-2) is divided by 23?
21
Let j(b) = b. Let h be j(6). Suppose 104 = -2*d + h*d. Calculate the remainder when d is divided by 9.
8
Suppose 15 = 3*n + 2*n. Let p = -13 - -21. Suppose 4*s - 2*g - p = 0, -g - 4 = 4*s - 6*g. Calculate the remainder when s is divided by n.
1
Let a(n) be the second derivative of 2*n + 3/2*n**2 + 0 - 1/6*n**3 + 1/4*n**4. Calculate the remainder when a(4) is divided by 16.
15
Suppose -5*u = -2*d + 3*d + 2, 5*u - 4 = -3*d. Suppose -d = -3*y + 3. What is the remainder when 2 is divided by y?
0
Let w(v) = -v**3 + 12*v**2 + 13*v + 2. Suppose 15 = 3*f - 2*b, -5*f + f + 3*b = -19. Let n = 10 - f. What is the remainder when n is divided by w(13)?
1
Suppose 4*q = -z - 0*z - 4, 2*q = 4*z - 20. Suppose r + 43 = 3*b, -3*b - 2*b - 3*r + 53 = 0. What is the remainder when b is divided by (4/6)/(q/(-15))?
3
Let t(a) = -23*a. Suppose 0 = 5*i, -i - 1 = -2*l + 23. Calculate the remainder when t